. Let x = s + -38. Suppose i + 2*h - 209 = 0, 3*i + 3*h = 537 + x. Is i composite?
True
Let f(r) = -12420*r - 1234. Is f(-3) a prime number?
False
Let h(g) = -134*g**3 + g. Let f be (6 - 4) + -9 + 6. Is h(f) composite?
True
Is 1 + (17251500/(-15))/(-14) composite?
True
Let o(i) = 137*i**2 + 13*i + 4. Let t be o(11). Suppose t = z + y, -z = 2*y + 1229 - 17948. Is z a prime number?
True
Let r be -6*(-1)/3 + -1. Let z be -1 + -1 + 10 + (-4 - r). Suppose 2*p - z*s - 8554 = 0, 0 = 4*p - 5*s + 2*s - 17096. Is p a prime number?
True
Suppose g - 490*d = -494*d + 106545, -426192 = -4*g - 4*d. Is g prime?
False
Suppose -168 = -7*a + 4*a. Suppose 54*k = a*k - 8. Suppose -g + 0*g + 525 = 4*v, -4*g + k*v + 2080 = 0. Is g composite?
False
Suppose 32*d - 7738037 - 5870379 = 0. Is d a composite number?
True
Suppose 2*z + 2*n - 1812832 = 0, -906391 = -z + 21*n - 27*n. Is z a composite number?
False
Let p = 6779 - 1734. Suppose -p = 3*i - 23732. Is i a composite number?
False
Suppose 4*i + 3*w - 6945 = 0, 2*i + 8*w = 3*w + 3455. Suppose 4*k - 2*k + 5*x + i = 0, -5*k + x - 4404 = 0. Let m = -483 - k. Is m composite?
False
Let l(j) = -8*j + 18. Let x be l(9). Let z = x + -352. Let p = 1473 + z. Is p prime?
False
Suppose 12 = -4*y + 8*y. Suppose -y = -b - 8, -l - 13 = 4*b. Is 52/2*(l - 6) a prime number?
False
Let s = -54 + 55. Let k(j) = 1114*j - 5. Is k(s) prime?
True
Let q(m) be the second derivative of -123*m**5/20 + m**4/12 + 7*m**3/6 - 5*m**2 + 13*m + 2. Is q(-3) prime?
True
Let t(d) = -28633*d - 5464. Is t(-29) prime?
True
Suppose -5*c = 488 - 568. Suppose -19295 = -c*s + 11*s. Is s a prime number?
False
Let i = -11 + 40. Let p = 16 - i. Let v(m) = m**3 + 15*m**2 + 14*m + 5. Is v(p) composite?
True
Let f(i) = -106*i + 1539 - 217*i - 1333. Is f(-19) composite?
False
Let q be -7 - ((-8)/2 - 1). Let z be (-6)/(-9) - (q - (-5102)/3). Let x = -41 - z. Is x a composite number?
False
Let p(q) = -2*q**2 + 10*q - 7. Let g be p(6). Let j = g - -58. Suppose 5*t - 60 = -5*k, 6*t - 5*k = 2*t + j. Is t composite?
False
Let s be -20 + 21 + -2610 + (-2)/2. Let v = s - -13213. Is v composite?
True
Suppose -76 = 2*s - 16. Let q = s - -26. Is (13 + -7)/(q/(-58)) composite?
True
Suppose 62 = 2*r + 3*h, 2*r - 25 - 21 = h. Suppose -4*x + 42 = 17*x. Suppose 0 = -5*q - r, 5*w + q = -x*q + 12130. Is w prime?
False
Let n = 103 + -130. Let b(p) = -p**3 - 24*p**2 + p - 55. Is b(n) prime?
False
Let h(i) = 129*i**2 - 252*i - 323. Is h(-34) a composite number?
True
Suppose 33*j + 19878 - 187815 = 0. Is j composite?
True
Let p = -47719 - -105848. Is p prime?
True
Let n(v) = 454*v**2 - 2*v + 3. Let p be n(2). Suppose -4*u = -5*z - 13964, 0 = -14*u + 16*u - z - 6976. Let t = u - p. Is t a prime number?
False
Suppose 17*a = -6*d + 18*a + 1966104, 0 = 4*d - 4*a - 1310756. Is d prime?
False
Let a be 3/6*(0 + 2 - -8). Let q = a - 11. Let p(l) = -279*l + 11. Is p(q) prime?
False
Let h(b) = 79*b - 51. Let v be h(-10). Let l = -300 - v. Is l prime?
True
Let f(k) = 273*k**3 - 2*k**2 - 2*k - 4. Suppose 0 = 5*s - 16 - 19. Let y = -4 + s. Is f(y) a composite number?
True
Let d be 44/16 + -3 + (-1275)/(-12). Let x = 132 - d. Suppose -11192 = -34*y + x*y. Is y a prime number?
True
Let n = 69845 - 20998. Is n a composite number?
False
Let l be 1 + (3 - (-3 + -299)). Suppose -2*g + 1114 = -3*y + 47, g + 3*y - 520 = 0. Let f = g - l. Is f a composite number?
False
Let o(m) = -m**3 - 14*m**2 + 15*m - 7. Let n = 14 - 30. Is o(n) a composite number?
True
Let p be (47/(-94))/(1/(-130120)). Let v = p + 61481. Is v composite?
False
Suppose 538*j = 539*j + 22. Suppose 14 = 3*c + 503. Let d = j - c. Is d a composite number?
True
Is (588117/(-6) - (-3 - 0))*(-52)/26 prime?
True
Suppose -44712706 = -121*p - 15454059. Is p composite?
False
Suppose -7841 = -12*y + 5947. Let j = y + -511. Let c = j - 7. Is c a prime number?
True
Suppose 9*g + 67895 = -685. Let b = 14938 + g. Is b composite?
True
Let v = -14199 + -26953. Is 57/(-133) - v/14 a prime number?
True
Let r = -560761 + 796900. Is r prime?
False
Suppose 4134051 - 6707044 = -184*w + 8165799. Is w composite?
False
Suppose 2*a + 1 = -5. Let c be 16/6 + a/(-9). Suppose -j = 3*l - 2788, -c*l + j = -791 - 1995. Is l a prime number?
True
Suppose 143*z - 1114549 - 1349222 = 228347. Is z composite?
True
Suppose 51*g - 71 + 20 = 0. Is g + -1 - (-13829 - 0/3) a composite number?
False
Suppose -2*l - a + 379088 = 0, -52*l + 56*l = -5*a + 758158. Is l composite?
False
Suppose 3*v - 4*i = 76189, 101600 = 4*v + 8*i - 6*i. Is v prime?
False
Let p(m) = 3708*m**2 + 18*m + 59. Is p(-3) composite?
False
Suppose -4*d = -32*d + 168. Let v be 4/(-18) + 332924/(-18). Is (2/3)/(d + v/3084) a composite number?
False
Let r(n) = 2*n**2 + 27*n + 228. Let t(c) = c**3 - 14*c**2 + 15*c - 61. Let v be t(13). Is r(v) a composite number?
False
Let c = -76 + 72. Is c/5 - 14004/(-30) a composite number?
True
Let p = -5 + 11. Let i(a) = 37*a**2 - 4*a - 2. Let x be i(-1). Suppose -p*o = -405 - x. Is o composite?
True
Let s(u) = 95*u**2 - 41*u - 9. Let t be (540/(-189))/((-4)/(-14)). Is s(t) a prime number?
True
Let p(q) = 70*q - 4. Let u be p(2). Suppose 21*v - 5058 = 5421. Let w = v + u. Is w a prime number?
False
Suppose -2*c = 3*c - 11*c. Suppose -2*w + 4*f = 8*f - 6030, -5*f - 10 = c. Is w a prime number?
True
Is ((-106707676)/(-214))/(2/(-4)*0 + 2) a composite number?
False
Let i(t) = 19*t**2 - 148*t - 53. Is i(46) a composite number?
False
Suppose -4*x - x + w + 9 = 0, -4*x + 2*w + 6 = 0. Let o be 634/(2 - (-2 + x)). Suppose -9*q = -8*q - o. Is q a prime number?
True
Suppose -352 - 398 = 6*a. Let x = 128 + a. Suppose 5*w - x*g = 2524, 0*g = -5*w - 2*g + 2509. Is w a composite number?
False
Suppose 47171 = 26*x - 26695. Is x prime?
False
Suppose 854755 = 3*f + 28*s - 26*s, -f + 284913 = -2*s. Is f composite?
False
Suppose -2*m + 2*r + 90862 = 0, m - 21*r = -18*r + 45419. Is m a composite number?
True
Let q(r) = -r**3 + 31*r**2 + 94*r - 291. Is q(-34) prime?
False
Suppose -8*f - 301 = -333. Suppose -3*u - k = -29489, 3*u - f*u = 4*k - 9837. Is u a prime number?
True
Let i(l) be the first derivative of 1882*l**2 + 7*l + 15. Let p(w) = -5646*w - 10. Let b(k) = 7*i(k) + 5*p(k). Is b(-3) prime?
False
Suppose -2*r + 28*o + 17844 = 30*o, o = r - 8924. Is r a composite number?
False
Let c = -26220 - -51887. Is c a composite number?
False
Let w(j) = -53*j**3 + j**2 + j - 1. Let i be w(1). Let h = -50 - i. Let b(n) = 4*n**2 - 4*n + 3. Is b(h) a prime number?
True
Suppose 16*d - 18 = 15*d. Let l be (9/d)/((-3)/(-6)). Is (2 - 119/(-1))*l composite?
True
Suppose 6 = -4*p + 74. Suppose -4*l + p = 2*n + 5, 5*l = 3*n + 4. Suppose 5*y - 18 = -l*a + 47, 3*y + 178 = 5*a. Is a a prime number?
False
Let u(a) = -a**3 + 348*a**2 - 7*a - 85. Is u(27) composite?
True
Is (-96 - -99)/(6/220442) a prime number?
True
Suppose -5*m = -9*q + 12*q - 29612, -17768 = -3*m - q. Is m a prime number?
True
Let q = -2204 + 9997. Let t = 1068 - -361. Suppose 0 = -4*w + q - t. Is w composite?
True
Let q be ((-174)/(-9))/(2 + 10/(-6)). Suppose -3*j + q = 64. Is j/(-10) + 10/(-50) + 841 a prime number?
False
Suppose -4*g + 6*g = -3*u - 50, 3*u = -5*g - 143. Let h = g - -48. Suppose h*m = 20*m - 2211. Is m a composite number?
True
Let h = 16 - -88. Let q = 58 + h. Suppose -d + q = -49. Is d composite?
False
Let z = 45 - 49. Let y be z/(-30) + -239*(-4)/30. Is 62 - 1 - y/8 a composite number?
True
Suppose -5*d + 1895 = -1845. Suppose 44602 = 10*z - d. Is z a composite number?
True
Suppose -83*z - 77*z = -190*z + 2379810. Is z a composite number?
True
Let b(n) = 38*n - 202. Let i be b(6). Suppose -18*z = -i*z + 24872. Is z a prime number?
True
Let g(y) = -4586*y - 317. Is g(-5) a prime number?
True
Suppose 0 = 9*o + 7*o + 2676640. Is ((-20)/50)/(4/o) prime?
True
Let k be 145/10 + 1*(-1)/(-2). Let y be ((-6)/k)/((-2)/60). Suppose -y*t + 5718 = -6*t. Is t a prime number?
True
Let q(n) = 4998*n - 1343. Is q(8) prime?
False
Let m(z) = 104*z**2 - 165*z - 243. Is m(-62) prime?
False
Suppose 24*b + 140 = -4*b. Is 24/20*b - -1093 prime?
True
Let f = 44 - -1. Let m = f - 48. Is 1697 + 4 + (2 - 3 - m) a prime number?
False
Is (2 - 3)*((-4)/(-26) + (-6899064)/104) a prime number?
True
Let k(m) = 1891*m**2 - 2*m - 2. Let q(o) = o**3 + 11*o**2 - 23